{"id":18,"date":"2019-04-21T17:15:51","date_gmt":"2019-04-21T15:15:51","guid":{"rendered":"http:\/\/nouveausite.gite-villadou.com\/?page_id=18"},"modified":"2024-08-20T10:53:05","modified_gmt":"2024-08-20T08:53:05","slug":"grand-gite","status":"publish","type":"page","link":"https:\/\/nouveausite.gite-villadou.com\/index.php\/page-d-exemple\/grand-gite\/","title":{"rendered":"Villadou, le g\u00eete 15 places"},"content":{"rendered":"\t\t<div data-elementor-type=\"wp-post\" data-elementor-id=\"18\" class=\"elementor elementor-18\">\n\t\t\t\t\t\t<section class=\"elementor-section elementor-top-section elementor-element elementor-element-ca74a83 elementor-section-boxed elementor-section-height-default elementor-section-height-default\" data-id=\"ca74a83\" data-element_type=\"section\">\n\t\t\t\t\t\t<div class=\"elementor-container elementor-column-gap-default\">\n\t\t\t\t\t<div class=\"elementor-column elementor-col-66 elementor-top-column elementor-element elementor-element-22d845c\" data-id=\"22d845c\" data-element_type=\"column\">\n\t\t\t<div class=\"elementor-widget-wrap elementor-element-populated\">\n\t\t\t\t\t\t<div class=\"elementor-element elementor-element-add1e8c elementor-widget elementor-widget-text-editor\" data-id=\"add1e8c\" data-element_type=\"widget\" data-widget_type=\"text-editor.default\">\n\t\t\t\t<div class=\"elementor-widget-container\">\n\t\t\t\t\t\t\t<h1 style=\"text-align: center;\"><strong>Villadou<\/strong><\/h1>\n<h2 style=\"text-align: center;\">g\u00eete 6 chambres, 15 places, 210 m\u00b2<\/h2>\t\t\t\t\t\t<\/div>\n\t\t\t\t<\/div>\n\t\t\t\t\t<\/div>\n\t\t<\/div>\n\t\t\t\t<div class=\"elementor-column elementor-col-33 elementor-top-column elementor-element elementor-element-f3b344d\" data-id=\"f3b344d\" data-element_type=\"column\">\n\t\t\t<div class=\"elementor-widget-wrap elementor-element-populated\">\n\t\t\t\t\t\t<div class=\"elementor-element elementor-element-03bda2e elementor-widget elementor-widget-image\" data-id=\"03bda2e\" data-element_type=\"widget\" data-widget_type=\"image.default\">\n\t\t\t\t<div class=\"elementor-widget-container\">\n\t\t\t\t\t\t\t\t\t\t\t\t\t<img fetchpriority=\"high\" decoding=\"async\" width=\"319\" height=\"241\" src=\"https:\/\/nouveausite.gite-villadou.com\/wp-content\/uploads\/2023\/01\/LogoGite.png\" class=\"attachment-large size-large wp-image-932\" alt=\"\" srcset=\"https:\/\/nouveausite.gite-villadou.com\/wp-content\/uploads\/2023\/01\/LogoGite.png 319w, https:\/\/nouveausite.gite-villadou.com\/wp-content\/uploads\/2023\/01\/LogoGite-300x227.png 300w\" sizes=\"(max-width: 319px) 100vw, 319px\" \/>\t\t\t\t\t\t\t\t\t\t\t\t\t<\/div>\n\t\t\t\t<\/div>\n\t\t\t\t\t<\/div>\n\t\t<\/div>\n\t\t\t\t\t<\/div>\n\t\t<\/section>\n\t\t\t\t<section class=\"elementor-section elementor-top-section elementor-element elementor-element-d72c529 elementor-section-boxed elementor-section-height-default elementor-section-height-default\" data-id=\"d72c529\" data-element_type=\"section\">\n\t\t\t\t\t\t<div class=\"elementor-container elementor-column-gap-default\">\n\t\t\t\t\t<div class=\"elementor-column elementor-col-100 elementor-top-column elementor-element elementor-element-228e990\" data-id=\"228e990\" data-element_type=\"column\">\n\t\t\t<div class=\"elementor-widget-wrap elementor-element-populated\">\n\t\t\t\t\t\t<div class=\"elementor-element elementor-element-6668226 elementor-arrows-position-inside elementor-widget elementor-widget-image-carousel\" data-id=\"6668226\" data-element_type=\"widget\" data-settings=\"{&quot;navigation&quot;:&quot;arrows&quot;,&quot;autoplay&quot;:&quot;yes&quot;,&quot;pause_on_hover&quot;:&quot;yes&quot;,&quot;pause_on_interaction&quot;:&quot;yes&quot;,&quot;autoplay_speed&quot;:5000,&quot;infinite&quot;:&quot;yes&quot;,&quot;speed&quot;:500}\" data-widget_type=\"image-carousel.default\">\n\t\t\t\t<div class=\"elementor-widget-container\">\n\t\t\t\t\t<div class=\"elementor-image-carousel-wrapper swiper\" dir=\"ltr\">\n\t\t\t<div class=\"elementor-image-carousel swiper-wrapper\" aria-live=\"off\">\n\t\t\t\t\t\t\t\t<div class=\"swiper-slide\" role=\"group\" aria-roledescription=\"slide\" aria-label=\"1 sur 11\"><figure class=\"swiper-slide-inner\"><img decoding=\"async\" class=\"swiper-slide-image\" src=\"https:\/\/nouveausite.gite-villadou.com\/wp-content\/uploads\/2019\/05\/S\u00e9jour-Viscos-300x225.jpg\" alt=\"S\u00e9jour Viscos\" \/><\/figure><\/div><div class=\"swiper-slide\" role=\"group\" aria-roledescription=\"slide\" aria-label=\"2 sur 11\"><figure class=\"swiper-slide-inner\"><img decoding=\"async\" class=\"swiper-slide-image\" src=\"https:\/\/nouveausite.gite-villadou.com\/wp-content\/uploads\/2019\/05\/P1010729-300x225.jpg\" alt=\"P1010729\" \/><\/figure><\/div><div class=\"swiper-slide\" role=\"group\" aria-roledescription=\"slide\" aria-label=\"3 sur 11\"><figure class=\"swiper-slide-inner\"><img decoding=\"async\" class=\"swiper-slide-image\" src=\"https:\/\/nouveausite.gite-villadou.com\/wp-content\/uploads\/2019\/05\/P1010773-300x225.jpg\" alt=\"P1010773\" \/><\/figure><\/div><div class=\"swiper-slide\" role=\"group\" aria-roledescription=\"slide\" aria-label=\"4 sur 11\"><figure class=\"swiper-slide-inner\"><img decoding=\"async\" class=\"swiper-slide-image\" src=\"https:\/\/nouveausite.gite-villadou.com\/wp-content\/uploads\/2019\/05\/IMG_5797-300x225.jpg\" alt=\"IMG_5797\" \/><\/figure><\/div><div class=\"swiper-slide\" role=\"group\" aria-roledescription=\"slide\" aria-label=\"5 sur 11\"><figure class=\"swiper-slide-inner\"><img decoding=\"async\" class=\"swiper-slide-image\" src=\"https:\/\/nouveausite.gite-villadou.com\/wp-content\/uploads\/2019\/05\/Chambre-1-300x225.jpg\" alt=\"Chambre 1\" \/><\/figure><\/div><div class=\"swiper-slide\" role=\"group\" aria-roledescription=\"slide\" aria-label=\"6 sur 11\"><figure class=\"swiper-slide-inner\"><img decoding=\"async\" class=\"swiper-slide-image\" src=\"https:\/\/nouveausite.gite-villadou.com\/wp-content\/uploads\/2019\/05\/P1020909-300x225.jpg\" alt=\"P1020909\" \/><\/figure><\/div><div class=\"swiper-slide\" role=\"group\" aria-roledescription=\"slide\" aria-label=\"7 sur 11\"><figure class=\"swiper-slide-inner\"><img decoding=\"async\" class=\"swiper-slide-image\" src=\"https:\/\/nouveausite.gite-villadou.com\/wp-content\/uploads\/2019\/05\/P1220600-300x225.jpg\" alt=\"P1220600\" \/><\/figure><\/div><div class=\"swiper-slide\" role=\"group\" aria-roledescription=\"slide\" aria-label=\"8 sur 11\"><figure class=\"swiper-slide-inner\"><img decoding=\"async\" class=\"swiper-slide-image\" src=\"https:\/\/nouveausite.gite-villadou.com\/wp-content\/uploads\/2019\/04\/Chambre-2-lits-Pibeste-300x169.jpg\" alt=\"Chambre 2 lits Pibeste\" \/><\/figure><\/div><div class=\"swiper-slide\" role=\"group\" aria-roledescription=\"slide\" aria-label=\"9 sur 11\"><figure class=\"swiper-slide-inner\"><img decoding=\"async\" class=\"swiper-slide-image\" src=\"https:\/\/nouveausite.gite-villadou.com\/wp-content\/uploads\/2019\/04\/Ch-3-lits-x2-300x169.jpg\" alt=\"Ch 3 lits (x2)\" \/><\/figure><\/div><div class=\"swiper-slide\" role=\"group\" aria-roledescription=\"slide\" aria-label=\"10 sur 11\"><figure class=\"swiper-slide-inner\"><img decoding=\"async\" class=\"swiper-slide-image\" src=\"https:\/\/nouveausite.gite-villadou.com\/wp-content\/uploads\/2019\/05\/Sdb-300x225.jpg\" alt=\"Sdb\" \/><\/figure><\/div><div class=\"swiper-slide\" role=\"group\" aria-roledescription=\"slide\" aria-label=\"11 sur 11\"><figure class=\"swiper-slide-inner\"><img decoding=\"async\" class=\"swiper-slide-image\" src=\"https:\/\/nouveausite.gite-villadou.com\/wp-content\/uploads\/2019\/04\/Terrasse-Pibeste-1-300x225.jpg\" alt=\"Terrasse Pibeste\" \/><\/figure><\/div>\t\t\t<\/div>\n\t\t\t\t\t\t\t\t\t\t\t\t<div class=\"elementor-swiper-button elementor-swiper-button-prev\" role=\"button\" tabindex=\"0\">\n\t\t\t\t\t\t<i aria-hidden=\"true\" class=\"eicon-chevron-left\"><\/i>\t\t\t\t\t<\/div>\n\t\t\t\t\t<div class=\"elementor-swiper-button elementor-swiper-button-next\" role=\"button\" tabindex=\"0\">\n\t\t\t\t\t\t<i aria-hidden=\"true\" class=\"eicon-chevron-right\"><\/i>\t\t\t\t\t<\/div>\n\t\t\t\t\n\t\t\t\t\t\t\t\t\t<\/div>\n\t\t\t\t<\/div>\n\t\t\t\t<\/div>\n\t\t\t\t\t<\/div>\n\t\t<\/div>\n\t\t\t\t\t<\/div>\n\t\t<\/section>\n\t\t\t\t<section class=\"elementor-section elementor-top-section elementor-element elementor-element-01f757b elementor-section-boxed elementor-section-height-default elementor-section-height-default\" data-id=\"01f757b\" data-element_type=\"section\">\n\t\t\t\t\t\t<div class=\"elementor-container elementor-column-gap-default\">\n\t\t\t\t\t<div class=\"elementor-column elementor-col-100 elementor-top-column elementor-element elementor-element-d5c0b4b\" data-id=\"d5c0b4b\" data-element_type=\"column\">\n\t\t\t<div class=\"elementor-widget-wrap elementor-element-populated\">\n\t\t\t\t\t\t<div class=\"elementor-element elementor-element-56793d0 elementor-widget elementor-widget-pp-advanced-accordion\" data-id=\"56793d0\" data-element_type=\"widget\" data-settings=\"{&quot;accordion_type&quot;:&quot;accordion&quot;,&quot;toggle_speed&quot;:300}\" data-widget_type=\"pp-advanced-accordion.default\">\n\t\t\t\t<div class=\"elementor-widget-container\">\n\t\t\t\t\t<div class=\"pp-advanced-accordion pp-toggle-icon-align-\" id=\"pp-advanced-accordion-56793d0\" data-accordion-id=\"56793d0\" role=\"tablist\">\n\t\t\t\t\t\t\t<div class=\"pp-accordion-item\">\n\t\t\t\t\t\t\t\t\t\t<div id=\"pp-accordion-tab-title-9061\" class=\"pp-accordion-tab-title\" tabindex=\"0\" data-tab=\"1\" role=\"tab\" aria-controls=\"pp-accordion-tab-content-9061\" aria-expanded=\"false\">\n\t\t\t\t\t\t<span class=\"pp-accordion-title-icon\">\n\t\t\t\t\t\t\t\t\t\t\t\t\t\t\t<span class=\"pp-accordion-tab-icon pp-icon\">\n\t\t\t\t\t\t\t\t\t<i aria-hidden=\"true\" class=\"fas fa-plus\"><\/i>\t\t\t\t\t\t\t\t<\/span>\n\t\t\t\t\t\t\t\t\t\t\t\t\t\t<span class=\"pp-accordion-title-text\">\n\t\t\t\t\t\t\t\tDescriptif\t\t\t\t\t\t\t<\/span>\n\t\t\t\t\t\t<\/span>\n\t\t\t\t\t\t\t\t\t\t\t<\/div>\n\n\t\t\t\t\t<div id=\"pp-accordion-tab-content-9061\" class=\"pp-accordion-tab-content\" data-tab=\"1\" role=\"tabpanel\" aria-labelledby=\"pp-accordion-tab-title-9061\">\n\t\t\t\t\t\t<p><u><b>AU RDC<\/b><\/u><\/p><p><b>HALL<\/b><span>\u00a0<\/span><b>de 8m2<\/b><span>\u00a0<\/span>et<b><span>\u00a0<\/span>WC<\/b><span>\u00a0<\/span>ind\u00e9pendant<\/p><p><b>S\u00c9JOUR, SALLE A MANGER (36 m2)<\/b><\/p><p>Grande salle commune avec table, 2 fauteuils, un canap\u00e9 3 places tr\u00e8s confortable, un coin chemin\u00e9e, un coin t\u00e9l\u00e9, un buffet, un placard de rangement au dessus d\u2019un ancien \u00e9vier en pierre.<\/p><p><b>CUISINE (20 m2)<\/b><\/p><p>Communication directe avec la salle de s\u00e9jour. Equipement complet (\u00e9vier, plaque de cuisson au gaz, hotte, lave linge, lave vaisselle, four, r\u00e9frig\u00e9rateur, micro-onde\u2026). Grande table et buffet. Terrasse plein sud et jardin privatif\u00a0 de 500 m2, avec mobilier de jardin, local de rangement de mat\u00e9riel (skis, v\u00e9los \u2026)<\/p><p><u><b>AU PREMIER ETAGE<\/b><\/u><\/p><p><b>Deux chambres<\/b><span>\u00a0<\/span><b>de 14 m2 chacune<\/b><span>\u00a0<\/span>avec deux lits en 90 dans une et 3 lits en 90 dans l\u2019autre. Placards de rangement.<\/p><p><b>une salle d\u2019eau<\/b><span>\u00a0<\/span>spacieuse avec douche et lavabo<\/p><p><b>2 WC<span>\u00a0<\/span><\/b>ind\u00e9pendants<\/p><p><strong>Une salle<\/strong><span>\u00a0<\/span>avec coin t\u00e9l\u00e9 et canap\u00e9 convertible<\/p><p><u><b>AU DEUXIEME ETAGE<\/b><\/u><\/p><p><b>Une chambre<\/b><span>\u00a0<\/span><b>de 24 m2<\/b>\u00a0 avec un lit en 140, un lit en 90, et des placards de rangement.<\/p><p><b>Deux salles d\u2019eau<\/b><span>\u00a0<\/span>spacieuses avec douche et lavabo<\/p><p><b>1 WC<span>\u00a0<\/span><\/b>ind\u00e9pendant et un wc dans la deuxi\u00e8me salle d'eau .<\/p><p><b>Deux chambres:<span>\u00a0<\/span><\/b>une de 13m2 avec deux lits en 90 jumelables et une de 14m2 avec 3 lits en 90. Placards de rangements.<\/p>\t\t\t\t\t<\/div>\n\t\t\t\t<\/div>\n\t\t\t\t\t\t\t<div class=\"pp-accordion-item\">\n\t\t\t\t\t\t\t\t\t\t<div id=\"pp-accordion-tab-title-9062\" class=\"pp-accordion-tab-title\" tabindex=\"0\" data-tab=\"2\" role=\"tab\" aria-controls=\"pp-accordion-tab-content-9062\" aria-expanded=\"false\">\n\t\t\t\t\t\t<span class=\"pp-accordion-title-icon\">\n\t\t\t\t\t\t\t\t\t\t\t\t\t\t\t<span class=\"pp-accordion-tab-icon pp-icon\">\n\t\t\t\t\t\t\t\t\t<i aria-hidden=\"true\" class=\"fas fa-plus\"><\/i>\t\t\t\t\t\t\t\t<\/span>\n\t\t\t\t\t\t\t\t\t\t\t\t\t\t<span class=\"pp-accordion-title-text\">\n\t\t\t\t\t\t\t\tTarifs\t\t\t\t\t\t\t<\/span>\n\t\t\t\t\t\t<\/span>\n\t\t\t\t\t\t\t\t\t\t\t<\/div>\n\n\t\t\t\t\t<div id=\"pp-accordion-tab-content-9062\" class=\"pp-accordion-tab-content\" data-tab=\"2\" role=\"tabpanel\" aria-labelledby=\"pp-accordion-tab-title-9062\">\n\t\t\t\t\t\t<p><strong>SEMAINE (7 nuits)<\/strong>&nbsp; &nbsp; &nbsp; &nbsp; &nbsp; &nbsp; &nbsp;<strong>1450\u20ac<\/strong><span>&nbsp;<\/span>Haute Saison (HS)&nbsp; \/&nbsp;<span>&nbsp;<\/span><strong>1134\u20ac<\/strong><span>&nbsp;<\/span>Moyenne Saison (MS)&nbsp; \/&nbsp;<span>&nbsp;<\/span><strong>819\u20ac<\/strong><span>&nbsp;<\/span>Basse Saison<br><em>&nbsp; &nbsp; &nbsp; &nbsp; &nbsp; &nbsp; &nbsp; &nbsp; &nbsp; &nbsp; &nbsp; &nbsp; &nbsp; &nbsp; &nbsp; &nbsp; &nbsp; &nbsp; &nbsp; &nbsp; &nbsp; &nbsp; &nbsp;<span>&nbsp;<\/span><\/em><span><em>&nbsp;charges<\/em><\/span><span>&nbsp;<\/span>&nbsp; &nbsp; &nbsp; &nbsp; &nbsp; 60\u20ac sans chauffage&nbsp; \/&nbsp; 150\u20ac avec chauffage<br><strong>&nbsp; &nbsp; &nbsp; &nbsp; &nbsp; &nbsp; &nbsp; &nbsp; &nbsp; &nbsp; &nbsp; &nbsp; &nbsp; &nbsp; &nbsp; &nbsp; &nbsp; &nbsp; &nbsp; &nbsp; &nbsp; &nbsp; &nbsp; &nbsp;-10% \u00e0 partir de la 2\u00e8me semaine<\/strong><\/p>\n<p><strong>&nbsp; &nbsp; &nbsp; &nbsp;NUIT\u00c9E<\/strong><span>&nbsp;<\/span>&nbsp; &nbsp; &nbsp; &nbsp; &nbsp; &nbsp; &nbsp; &nbsp; &nbsp; &nbsp; &nbsp; &nbsp;<span>&nbsp;<\/span><strong>242\u20ac<\/strong><\/p>\n<p><strong>&nbsp;D\u00e9p\u00f4t de garantie<\/strong>&nbsp; &nbsp; &nbsp; &nbsp; &nbsp; &nbsp; &nbsp;<strong>450\u20ac<\/strong><\/p>\n<p><strong>&nbsp;Taxe de s\u00e9jour<\/strong><span>&nbsp;<\/span>&nbsp; &nbsp; &nbsp; &nbsp; &nbsp; &nbsp; &nbsp; &nbsp; &nbsp;<span>&nbsp;<\/span><strong>1,66\u20ac<\/strong>\/nuit\/adulte (+ de 18 ans)<\/p>\n<p><em><strong>&nbsp; &nbsp; &nbsp; en option<\/strong><span>&nbsp;<\/span>&nbsp; &nbsp; &nbsp; &nbsp; &nbsp; &nbsp; &nbsp; &nbsp; &nbsp; &nbsp; &nbsp; &nbsp;forfait m\u00e9nage 117\u20ac<\/em><\/p>\t\t\t\t\t<\/div>\n\t\t\t\t<\/div>\n\t\t\t\t\t<\/div>\n\t\t\t\t<\/div>\n\t\t\t\t<\/div>\n\t\t\t\t\t<\/div>\n\t\t<\/div>\n\t\t\t\t\t<\/div>\n\t\t<\/section>\n\t\t\t\t<section class=\"elementor-section elementor-top-section elementor-element elementor-element-0c6204b elementor-section-boxed elementor-section-height-default elementor-section-height-default\" data-id=\"0c6204b\" data-element_type=\"section\">\n\t\t\t\t\t\t<div class=\"elementor-container elementor-column-gap-default\">\n\t\t\t\t\t<div class=\"elementor-column elementor-col-100 elementor-top-column elementor-element elementor-element-1003644\" data-id=\"1003644\" data-element_type=\"column\">\n\t\t\t<div class=\"elementor-widget-wrap elementor-element-populated\">\n\t\t\t\t\t\t<div class=\"elementor-element elementor-element-c4e06fb elementor-widget elementor-widget-heading\" data-id=\"c4e06fb\" data-element_type=\"widget\" data-widget_type=\"heading.default\">\n\t\t\t\t<div class=\"elementor-widget-container\">\n\t\t\t<h2 class=\"elementor-heading-title elementor-size-medium\">Disponibilit\u00e9<\/h2>\t\t<\/div>\n\t\t\t\t<\/div>\n\t\t\t\t\t<\/div>\n\t\t<\/div>\n\t\t\t\t\t<\/div>\n\t\t<\/section>\n\t\t\t\t<section class=\"elementor-section elementor-top-section elementor-element elementor-element-403b672 elementor-section-boxed elementor-section-height-default elementor-section-height-default\" data-id=\"403b672\" data-element_type=\"section\">\n\t\t\t\t\t\t<div class=\"elementor-container elementor-column-gap-default\">\n\t\t\t\t\t<div class=\"elementor-column elementor-col-100 elementor-top-column elementor-element elementor-element-d08c18a\" data-id=\"d08c18a\" data-element_type=\"column\">\n\t\t\t<div class=\"elementor-widget-wrap elementor-element-populated\">\n\t\t\t\t\t\t<div class=\"elementor-element elementor-element-50451b8 elementor-widget elementor-widget-shortcode\" data-id=\"50451b8\" data-element_type=\"widget\" data-widget_type=\"shortcode.default\">\n\t\t\t\t<div class=\"elementor-widget-container\">\n\t\t\t\t\t<div class=\"elementor-shortcode\"><iframe src=\"https:\/\/calendar.google.com\/calendar\/embed?height=600&amp;wkst=1&amp;bgcolor=%23ffffff&amp;ctz=Europe%2FParis&amp;src=Y29udGFjdEBnaXRlLXZpbGxhZG91LmNvbQ&amp;src=ZDl0c2U5aWE4dHY0dWJzNGEzZXZuYWE0ajBAZ3JvdXAuY2FsZW5kYXIuZ29vZ2xlLmNvbQ&amp;src=OG9vbnZhZWwzOXRybWF0NjNrZzM1Mzg5bDBAZ3JvdXAuY2FsZW5kYXIuZ29vZ2xlLmNvbQ&amp;color=%23039BE5&amp;color=%23EF6C00&amp;color=%230B8043&amp;showTitle=0&amp;showPrint=0&amp;showTabs=0&amp;showCalendars=0&amp;showTz=0\" style=\"border:solid 1px #777\" width=\"800\" height=\"600\" frameborder=\"0\" scrolling=\"no\"><\/iframe><\/div>\n\t\t\t\t<\/div>\n\t\t\t\t<\/div>\n\t\t\t\t\t<\/div>\n\t\t<\/div>\n\t\t\t\t\t<\/div>\n\t\t<\/section>\n\t\t\t\t<\/div>\n\t\t","protected":false},"excerpt":{"rendered":"<p>Villadou g\u00eete 6 chambres, 15 places, 210 m\u00b2 Descriptif AU RDC HALL\u00a0de 8m2\u00a0et\u00a0WC\u00a0ind\u00e9pendant S\u00c9JOUR, SALLE A MANGER (36 m2) Grande salle commune avec table, 2 fauteuils, un canap\u00e9 3 places tr\u00e8s confortable, un coin chemin\u00e9e, un coin t\u00e9l\u00e9, un buffet, un placard de rangement au dessus d\u2019un ancien \u00e9vier en [&hellip;]<\/p>\n","protected":false},"author":1,"featured_media":0,"parent":2,"menu_order":3,"comment_status":"closed","ping_status":"closed","template":"elementor_header_footer","meta":{"footnotes":""},"class_list":["post-18","page","type-page","status-publish","hentry"],"_links":{"self":[{"href":"https:\/\/nouveausite.gite-villadou.com\/index.php\/wp-json\/wp\/v2\/pages\/18"}],"collection":[{"href":"https:\/\/nouveausite.gite-villadou.com\/index.php\/wp-json\/wp\/v2\/pages"}],"about":[{"href":"https:\/\/nouveausite.gite-villadou.com\/index.php\/wp-json\/wp\/v2\/types\/page"}],"author":[{"embeddable":true,"href":"https:\/\/nouveausite.gite-villadou.com\/index.php\/wp-json\/wp\/v2\/users\/1"}],"replies":[{"embeddable":true,"href":"https:\/\/nouveausite.gite-villadou.com\/index.php\/wp-json\/wp\/v2\/comments?post=18"}],"version-history":[{"count":14,"href":"https:\/\/nouveausite.gite-villadou.com\/index.php\/wp-json\/wp\/v2\/pages\/18\/revisions"}],"predecessor-version":[{"id":982,"href":"https:\/\/nouveausite.gite-villadou.com\/index.php\/wp-json\/wp\/v2\/pages\/18\/revisions\/982"}],"up":[{"embeddable":true,"href":"https:\/\/nouveausite.gite-villadou.com\/index.php\/wp-json\/wp\/v2\/pages\/2"}],"wp:attachment":[{"href":"https:\/\/nouveausite.gite-villadou.com\/index.php\/wp-json\/wp\/v2\/media?parent=18"}],"curies":[{"name":"wp","href":"https:\/\/api.w.org\/{rel}","templated":true}]}}