{"id":234,"date":"2019-05-01T18:07:17","date_gmt":"2019-05-01T16:07:17","guid":{"rendered":"http:\/\/demo.athemes.com\/sydney-temp\/?page_id=178"},"modified":"2019-05-01T18:13:46","modified_gmt":"2019-05-01T16:13:46","slug":"your-page-title-here","status":"publish","type":"page","link":"https:\/\/nouveausite.gite-villadou.com\/index.php\/your-page-title-here\/","title":{"rendered":"Avis de nos clients"},"content":{"rendered":"\t\t<div data-elementor-type=\"wp-post\" data-elementor-id=\"234\" class=\"elementor elementor-234\">\n\t\t\t\t\t\t<section class=\"elementor-section elementor-top-section elementor-element elementor-element-299d6e8f elementor-section-boxed elementor-section-height-default elementor-section-height-default\" data-id=\"299d6e8f\" data-element_type=\"section\">\n\t\t\t\t\t\t<div class=\"elementor-container elementor-column-gap-default\">\n\t\t\t\t\t<div class=\"elementor-column elementor-col-100 elementor-top-column elementor-element elementor-element-10eb7301\" data-id=\"10eb7301\" data-element_type=\"column\">\n\t\t\t<div class=\"elementor-widget-wrap elementor-element-populated\">\n\t\t\t\t\t\t<div class=\"elementor-element elementor-element-4f05e85 elementor-widget elementor-widget-image\" data-id=\"4f05e85\" data-element_type=\"widget\" data-widget_type=\"image.default\">\n\t\t\t\t<div class=\"elementor-widget-container\">\n\t\t\t\t\t\t\t\t\t\t\t\t\t<img fetchpriority=\"high\" decoding=\"async\" width=\"4724\" height=\"1063\" src=\"https:\/\/nouveausite.gite-villadou.com\/wp-content\/uploads\/2019\/05\/PanoVidalos1.jpg\" class=\"attachment-full size-full wp-image-598\" alt=\"\" srcset=\"https:\/\/nouveausite.gite-villadou.com\/wp-content\/uploads\/2019\/05\/PanoVidalos1.jpg 4724w, https:\/\/nouveausite.gite-villadou.com\/wp-content\/uploads\/2019\/05\/PanoVidalos1-300x68.jpg 300w, https:\/\/nouveausite.gite-villadou.com\/wp-content\/uploads\/2019\/05\/PanoVidalos1-768x173.jpg 768w, https:\/\/nouveausite.gite-villadou.com\/wp-content\/uploads\/2019\/05\/PanoVidalos1-1024x230.jpg 1024w\" sizes=\"(max-width: 4724px) 100vw, 4724px\" \/>\t\t\t\t\t\t\t\t\t\t\t\t\t<\/div>\n\t\t\t\t<\/div>\n\t\t\t\t<div class=\"elementor-element elementor-element-76ed0b28 elementor-widget elementor-widget-text-editor\" data-id=\"76ed0b28\" data-element_type=\"widget\" data-widget_type=\"text-editor.default\">\n\t\t\t\t<div class=\"elementor-widget-container\">\n\t\t\t\t\t\t\t<!-- wp:shortcode -->\n<div class=\"gwolle-gb\"><div class=\"gwolle-gb-messages-top-container\"><\/div>\n\t\t\t<div class=\"gwolle-gb-write-button\">\n\t\t\t\t<input type=\"button\" name=\"gwolle-gb-write-button\" class=\"button btn btn-default \" value=\"\u00c9crire un nouveau message\" aria-expanded=\"false\" \/>\n\t\t\t<\/div>\n\t\t\t<form action=\"#\" method=\"POST\" class=\"gwolle-gb-write gwolle-gb-hide gwolle-gb-float gwolle-gb-form-ajax gwolle-gb-ajax gwolle-gb-not-logged-in\">\n\t\t\t\t<h3>Donnez votre avis sur vos vacances dans notre g\u00eete<\/h3>\n\t\t\t\t<button type=\"button\" class=\"gb-notice-dismiss\">x<span class=\"screen-reader-text\">Masquer ce formulaire.<\/span><\/button>\n\t\t\t\n\t\t\t\t<input type=\"hidden\" name=\"gwolle_gb_function\" class=\"gwolle_gb_function\" value=\"add_entry\" \/><input type=\"hidden\" name=\"gwolle_gb_book_id\" class=\"gwolle_gb_book_id\" value=\"1\" \/><div class=\"gwolle_gb_fed15f853b4f678cb8afd959b1533dc7\">\n\t\t\t\t<div class=\"label\"><label for=\"gwolle_gb_fed15f853b4f678cb8afd959b1533dc7-1\" class=\"text-info\">Nom <span class=\"required\">*<\/span><\/label><\/div>\n\t\t\t\t<div class=\"input\"><input class=\"wp-exclude-emoji gwolle_gb_fed15f853b4f678cb8afd959b1533dc7\" value=\"\" type=\"text\" id=\"gwolle_gb_fed15f853b4f678cb8afd959b1533dc7-1\" name=\"gwolle_gb_fed15f853b4f678cb8afd959b1533dc7\" required \/><\/div>\n\t\t\t\t<div class=\"clearBoth\">&nbsp;<\/div>\n\t\t\t<\/div><div class=\"gwolle_gb_f82fd759f97fa59d7be434a89e74ac55\">\n\t\t\t\t\t<div class=\"label\"><label for=\"gwolle_gb_f82fd759f97fa59d7be434a89e74ac55-1\" class=\"text-info\">Ville<\/label><\/div>\n\t\t\t\t\t<div class=\"input\"><input class=\"wp-exclude-emoji gwolle_gb_f82fd759f97fa59d7be434a89e74ac55\" value=\"\" type=\"text\" id=\"gwolle_gb_f82fd759f97fa59d7be434a89e74ac55-1\" name=\"gwolle_gb_f82fd759f97fa59d7be434a89e74ac55\" \/><\/div>\n\t\t\t\t\t<div class=\"clearBoth\">&nbsp;<\/div>\n\t\t\t\t<\/div>\n\t\t\t<div class=\"gwolle_gb_26033c897c42a415d33c84bb339ed18d\" style=\"display:none;overflow:hidden;\" hidden=\"true\" aria-hidden=\"true\">\n\t\t\t\t<div class=\"label\">\n\t\t\t\t\t<label for=\"gwolle_gb_26033c897c42a415d33c84bb339ed18d-1\" class=\"text-primary\">Ne touchez pas \u00e0 ceci<\/label>\n\t\t\t\t\t<label for=\"gwolle_gb_d75674406ae7e98b09126c41e130a1ba-1\" class=\"text-primary\">Ne touchez pas \u00e0 ceci<\/label>\n\t\t\t\t<\/div>\n\t\t\t\t<div class=\"input\">\n\t\t\t\t\t<input value=\"6\" type=\"text\" id=\"gwolle_gb_26033c897c42a415d33c84bb339ed18d-1\" name=\"gwolle_gb_26033c897c42a415d33c84bb339ed18d\" class=\"gwolle_gb_26033c897c42a415d33c84bb339ed18d\" style=\"transform: translateY(10000px);\" \/>\n\t\t\t\t\t<input value=\"\" type=\"text\" name=\"gwolle_gb_d75674406ae7e98b09126c41e130a1ba\" id=\"gwolle_gb_d75674406ae7e98b09126c41e130a1ba-1\" class=\"gwolle_gb_d75674406ae7e98b09126c41e130a1ba\" style=\"transform: translateY(10000px);\" \/>\n\t\t\t\t<\/div>\n\t\t\t\t<div class=\"clearBoth\"><\/div>\n\t\t\t<\/div>\n\t\t\t<div class=\"gwolle_gb_98d5d0d41c75c52c308b835a8e104e10\" style=\"display:none;overflow:hidden;\" hidden=\"true\" aria-hidden=\"true\">\n\t\t\t\t<div class=\"label\">\n\t\t\t\t\t<label for=\"gwolle_gb_98d5d0d41c75c52c308b835a8e104e10-1\" class=\"text-primary\">Ne touchez pas \u00e0 ceci<\/label>\n\t\t\t\t\t<label for=\"gwolle_gb_e1139e793c849d06687dcd2c8696b9a8-1\" class=\"text-primary\">Ne touchez pas \u00e0 ceci<\/label>\n\t\t\t\t<\/div>\n\t\t\t\t<div class=\"input\">\n\t\t\t\t\t<input value=\"2823\" type=\"text\" id=\"gwolle_gb_98d5d0d41c75c52c308b835a8e104e10-1\" name=\"gwolle_gb_98d5d0d41c75c52c308b835a8e104e10\" class=\"gwolle_gb_98d5d0d41c75c52c308b835a8e104e10\" style=\"transform: translateY(10000px);\" \/>\n\t\t\t\t\t<input value=\"2823\" type=\"text\"id=\"gwolle_gb_e1139e793c849d06687dcd2c8696b9a8-1\" name=\"gwolle_gb_e1139e793c849d06687dcd2c8696b9a8\" class=\"gwolle_gb_e1139e793c849d06687dcd2c8696b9a8\" style=\"transform: translateY(10000px);\" \/>\n\t\t\t\t<\/div>\n\t\t\t\t<div class=\"clearBoth\"><\/div>\n\t\t\t<\/div><div class=\"gwolle_gb_content\">\n\t\t\t\t<div class=\"label\"><label for=\"gwolle_gb_content-1\" class=\"text-info\">Message du livre d\u2019or <span class=\"required\">*<\/span><\/label><\/div>\n\t\t\t\t<div class=\"input\"><textarea id=\"gwolle_gb_content-1\" name=\"gwolle_gb_content\" class=\"gwolle_gb_content wp-exclude-emoji\" required ><\/textarea><\/div>\n\t\t\t\t\t<div class=\"clearBoth\">&nbsp;<\/div>\n\t\t\t\t<\/div><input type=\"hidden\" class=\"gwolle_gb_87ff9275681e912318081ab3c3e7ed8a\" id=\"gwolle_gb_87ff9275681e912318081ab3c3e7ed8a-1\" name=\"gwolle_gb_87ff9275681e912318081ab3c3e7ed8a\" value=\"be2c4b9cef\" \/>\n\t\t\t<div class=\"gwolle-gb-messages-bottom-container\"><\/div>\n\n\t\t\t<noscript><div class=\"no-js\">Avertissement\u00a0: Ce formulaire ne peut \u00eatre utilis\u00e9 que si JavaScript est activ\u00e9 dans votre navigateur.<\/div><\/noscript>\n\n\t\t\t<div class=\"gwolle_gb_submit gwolle-gb-submit\">\n\t\t\t\t<div class=\"label gwolle-gb-invisible text-muted\">&nbsp;<\/div>\n\t\t\t\t<div class=\"input\">\n\t\t\t\t\t<input type=\"submit\" name=\"gwolle_gb_submit\" class=\"gwolle_gb_submit button btn btn-primary \" value=\"Envoyer\" \/>\n\t\t\t\t\t<span class=\"gwolle_gb_submit_ajax_icon gwolle-gb-submit-ajax-icon\"><\/span>\n\t\t\t\n\t\t\t\t<\/div>\n\t\t\t\t<div class=\"clearBoth\">&nbsp;<\/div>\n\t\t\t<\/div>\n\n\t\t\t<div class=\"gwolle_gb_notice gwolle-gb-notice\">\n\t\t\t\tLes champs marqu\u00e9s avec un * sont obligatoires.<br \/>\r\nVotre adresse e-mail ne sera pas publi\u00e9e.<br \/>\r\nIl se pourrait que votre message n\u2019apparaisse dans le livre d\u2019or qu\u2019apr\u00e8s que nous l\u2019ayons v\u00e9rifi\u00e9.<br \/>\r\nNous nous r\u00e9servons le droit de modifier, de supprimer, ou de ne pas publier les messages.\n\t\t\t<\/div><\/form><div class=\"gwolle-gb-read gwolle-gb-ajax gwolle-gb-entries-list\" data-book_id=\"1\">(Pas de message)<\/div><\/div>\n<!-- \/wp:shortcode --><!-- wp:paragraph -->\n<p><\/p>\n<!-- \/wp:paragraph -->\t\t\t\t\t\t<\/div>\n\t\t\t\t<\/div>\n\t\t\t\t\t<\/div>\n\t\t<\/div>\n\t\t\t\t\t<\/div>\n\t\t<\/section>\n\t\t\t\t<section class=\"elementor-section elementor-top-section elementor-element elementor-element-09793be elementor-section-boxed elementor-section-height-default elementor-section-height-default\" data-id=\"09793be\" data-element_type=\"section\">\n\t\t\t\t\t\t<div class=\"elementor-container elementor-column-gap-default\">\n\t\t\t\t\t<div class=\"elementor-column elementor-col-100 elementor-top-column elementor-element elementor-element-54c39cf\" data-id=\"54c39cf\" data-element_type=\"column\">\n\t\t\t<div class=\"elementor-widget-wrap\">\n\t\t\t\t\t\t\t<\/div>\n\t\t<\/div>\n\t\t\t\t\t<\/div>\n\t\t<\/section>\n\t\t\t\t<\/div>\n\t\t","protected":false},"excerpt":{"rendered":"","protected":false},"author":1,"featured_media":0,"parent":0,"menu_order":0,"comment_status":"closed","ping_status":"closed","template":"elementor_header_footer","meta":{"footnotes":""},"class_list":["post-234","page","type-page","status-publish","hentry"],"_links":{"self":[{"href":"https:\/\/nouveausite.gite-villadou.com\/index.php\/wp-json\/wp\/v2\/pages\/234"}],"collection":[{"href":"https:\/\/nouveausite.gite-villadou.com\/index.php\/wp-json\/wp\/v2\/pages"}],"about":[{"href":"https:\/\/nouveausite.gite-villadou.com\/index.php\/wp-json\/wp\/v2\/types\/page"}],"author":[{"embeddable":true,"href":"https:\/\/nouveausite.gite-villadou.com\/index.php\/wp-json\/wp\/v2\/users\/1"}],"replies":[{"embeddable":true,"href":"https:\/\/nouveausite.gite-villadou.com\/index.php\/wp-json\/wp\/v2\/comments?post=234"}],"version-history":[{"count":3,"href":"https:\/\/nouveausite.gite-villadou.com\/index.php\/wp-json\/wp\/v2\/pages\/234\/revisions"}],"predecessor-version":[{"id":671,"href":"https:\/\/nouveausite.gite-villadou.com\/index.php\/wp-json\/wp\/v2\/pages\/234\/revisions\/671"}],"wp:attachment":[{"href":"https:\/\/nouveausite.gite-villadou.com\/index.php\/wp-json\/wp\/v2\/media?parent=234"}],"curies":[{"name":"wp","href":"https:\/\/api.w.org\/{rel}","templated":true}]}}